of i?
9
What is the units digit of 2 - (-3 - -3) - -36?
8
Let k be -18 + 0/(-2) - 0. Let i be 2/(-10) - (-126)/5. Let h = i + k. What is the units digit of h?
7
Let i = 16 + -9. Let z be (1 - 3)*i/(-2). Suppose u = z - 0. What is the units digit of u?
7
Let r be ((-10)/4)/(6/(-12)). Suppose r - 1 = -j, -116 = -4*o + 2*j. What is the tens digit of o?
2
Let g = -9 - -46. Suppose -g - 13 = -2*m. What is the units digit of m?
5
Suppose -o = -0 - 6. Suppose o*l - 2*l = 0. What is the units digit of 6/2 + (l - 2)?
1
Let t(z) = -z**3 - 12*z**2 - 11*z - 18. Let a be t(-13). What is the units digit of a/(-24)*(-5 - -1)?
9
Let f(j) = -j + 2. Let z be f(2). Suppose z = -0*n + 4*n - 36. Let u = n - 1. What is the units digit of u?
8
What is the units digit of (-4)/(-22) - 3948/(-66)?
0
Let u be (1*-4)/2*-2. Suppose 0 = -u*a - 2*f - 2, -5*f - 7 = 2*a - 6*f. What is the units digit of 2 - (2 + -4 - a)?
2
Let s(f) = -9*f + 18. Let x be s(-9). What is the units digit of (x/6)/(6/12)?
3
Suppose -k + 9 = 8. Let n(s) = 4*s**3 + 5*s**2 + 4*s + 10. Let c(l) = l**3 + l**2 + l. Let u(x) = k*n(x) - 5*c(x). What is the units digit of u(0)?
0
Let r = 7 + -11. Let k(m) = -m**3 - 3*m**2 - m + 3. What is the units digit of k(r)?
3
Let a(w) = 0 - 2 - 1 + 6 + w. Let k be a(-7). Let x = k - -14. What is the units digit of x?
0
Let l be (3/4)/(2/(-8)). Let v(r) = -9*r - 6. What is the tens digit of v(l)?
2
Let v = 101 - 59. Suppose -2*u = 3*n - n - 30, -4*n + v = -2*u. Suppose -8 = -4*q, -3*d + 4 + n = -4*q. What is the units digit of d?
8
Let l be 1/(-7) + 9320/70. Suppose 5*b + 3 - l = 0. What is the tens digit of b?
2
Let n be (3/(-9))/((-3)/(-45)). Let c = 16 + n. What is the tens digit of c?
1
Let c(j) = 5*j - 6. Suppose -5*y + 24 = -3*y + 4*a, -5*a + 27 = 2*y. What is the units digit of c(y)?
4
Suppose -2*w = -7*w + 280. Let s = w - 26. What is the tens digit of s?
3
Suppose -3*l - 3 = -4*l. What is the units digit of (15/3)/(4 - l)?
5
Suppose -5*i - 5*g + 300 = 0, -4*g = -6*g. What is the units digit of i?
0
What is the tens digit of (6776/(-12))/(-7) - 1/(-3)?
8
Suppose n + 4 = -g + 2, 3*n = -2*g - 4. Let l = g - -5. Suppose -5*z = 2*a - 30, a = l*z + 2*z - 30. What is the units digit of z?
6
Suppose 0 = -r + 2. What is the tens digit of (r/(-2))/((-2)/46)?
2
Let t(s) = 3*s**2 - 3*s + 3 + 0 - 1. Let l(v) = -v**3 - 4*v**2 + 4*v - 3. Let i(p) = -3*l(p) - 4*t(p). What is the units digit of i(1)?
4
Let q = 68 - 48. Let i = q + -9. What is the tens digit of i?
1
Suppose 0 = 67*u - 62*u - 155. What is the units digit of u?
1
Let v(t) = t**3 + 3*t**2 - 4*t - 1. Let q be v(-4). What is the tens digit of (0 - q)/((-2)/(-22))?
1
Let z(g) be the first derivative of 3 - 1/3*g**3 + 9/2*g**2 + 11*g. What is the units digit of z(9)?
1
Suppose 2*l = l + 138. Suppose -4*p + l = -22. What is the tens digit of p?
4
Let a(b) = -b**3 - 18*b**2 - 2*b - 31. What is the units digit of a(-18)?
5
Let p = 99 - 63. What is the units digit of p?
6
Suppose -5 = -s - 0. Let p = s + 0. Suppose p*a - 115 = -20. What is the units digit of a?
9
Let r = -171 - -250. What is the units digit of r?
9
Let j = -35 - -71. What is the tens digit of j?
3
Suppose 4*f + 12 = u, u = 4*f + 4*u + 28. Let o = 5 - 7. What is the units digit of (1/o)/(f/136)?
7
Let a(l) = -l**2 + 8*l - 6. Let s be a(6). Suppose -60 = 3*q - s*q. Suppose -q = -3*p - 5. What is the units digit of p?
5
Let l(y) = y**3 - 6*y**2 + 4*y + 2. What is the units digit of l(6)?
6
Suppose 4*g - 8*g + 40 = 0. Let f = -1 - -4. Suppose 5*b + f*i - 39 = 2*b, 5*i + g = 0. What is the units digit of b?
5
Let f = 99 + -46. What is the tens digit of f?
5
Suppose 9 = v - 78. What is the units digit of v?
7
Suppose 5*f - 124 = 236. Suppose u = -3*a + f, -2*a + 3*a + u = 22. What is the tens digit of a?
2
Suppose -2*y - y = -183. What is the units digit of y?
1
Suppose -2*s + c + 0*c = -9, -4*s - 2*c = 2. Suppose 2*m = 5*y - 2 - 5, -5*m = -s*y + 7. What is the units digit of y?
1
Let f(j) = -4*j + 6. Let d(i) = 5*i - 6. Let u(z) = 3*d(z) + 4*f(z). Let g be u(5). Suppose -w + 4*n = -5*w, 0 = 3*w + 4*n + g. What is the units digit of w?
1
Let u be 7*(2 - 6/2). Let q = u + 12. What is the units digit of q?
5
Let u = 13 - 8. Suppose u*p + 85 = 5*r, 2*r + 0*r + p = 25. What is the units digit of r?
4
Suppose 2*s + 4*l + 419 = 5*s, 4*s - 3*l = 554. What is the units digit of s?
7
Let s(o) be the second derivative of -1/2*o**2 - o - 1/6*o**3 + 0. What is the units digit of s(-5)?
4
Let o(s) = 2*s - 5. Suppose 3*m + 3*t + 27 = 5*m, -20 = 4*t. What is the units digit of o(m)?
7
Let h be 3*(-2)/(-6) + 1. Suppose h = 3*u - 10. What is the units digit of (-2)/u*4*-1?
2
What is the units digit of (1 + 33)/((-22)/(-55))?
5
Suppose 112 = -10*j + 11*j. What is the tens digit of j?
1
Suppose 0 = 3*d - 2*d - 12. What is the units digit of (2/(-4))/((-1)/d)?
6
What is the units digit of (-8)/2 + (37 - 0) - 1?
2
Let n = 76 + -28. What is the units digit of n?
8
Let y(n) = -2*n**3 - n - 1. Let q be y(-1). What is the units digit of 3*(3 - q)*1?
3
Let q(a) = a**2 + 6*a - 11. Let p = -4 + -5. What is the tens digit of q(p)?
1
Let y = -57 + 89. What is the tens digit of y?
3
Let a be 51/6 + 1/2. Let u(d) = -1 + 3 - a*d - 3. What is the units digit of u(-1)?
8
Let w(h) = 0*h**2 - h**2 - 2 - h + 4. Let g be w(0). What is the units digit of ((-7)/g)/(4/(-8))?
7
Let t(v) = -2*v**3 - 2*v**2 + 6. What is the units digit of t(-3)?
2
Suppose u = -u + 138. Let w = u - 24. What is the units digit of w/(-6)*(-4)/5?
6
Let m(o) = -o + 1. Let f be m(3). Let l = 11 + f. What is the units digit of l?
9
Suppose 4*v - v + 511 = 4*x, 2*x - 4*v = 258. What is the hundreds digit of x?
1
Let k(s) = 84*s**2 - 4*s - 4. What is the units digit of k(-1)?
4
Let k = -7 - -12. What is the units digit of ((-8)/k)/(2/(-10))?
8
Let p = 375 - 260. Let f = -68 + p. What is the tens digit of f?
4
Suppose 0 = -8*i + 7*i + 27. What is the tens digit of i?
2
Let a(g) = g**2 + 5*g - 9. What is the hundreds digit of a(13)?
2
Suppose 0 = -2*x + 3*m + 111 - 40, -5*m = 3*x - 78. What is the tens digit of x?
3
Let h(n) = n**3 - 3*n**2 + 4 - 2*n - 2 - 1. Let a be h(-2). What is the units digit of (-1 - -4)/(a/(-40))?
8
Let x(r) = r + 20. What is the tens digit of x(5)?
2
Let m(a) = -1. Let j(l) = -l + 1. Let r(u) = j(u) - 5*m(u). What is the units digit of r(3)?
3
What is the units digit of -1*(-3 - 0)*9?
7
Suppose 3*w - 2 = 10. Suppose -193 = -w*k - 0*v + 3*v, -3*k - v = -148. What is the tens digit of k?
4
Let w = 3 - -22. Suppose 0 = 5*a + 2*i - 40, -w - 15 = -5*a + 3*i. What is the units digit of a?
8
Suppose 0*i = 5*i - 75. What is the tens digit of (0 - i*-1)/1?
1
Suppose 45 = 2*o - 5*h, 2*o - 4*h - 104 = -3*o. Let t be 65/o - 2/8. What is the units digit of (-2 - -2) + 2 + t?
5
Suppose 0 = m - 3*d + d - 15, 0 = -3*d. What is the tens digit of m?
1
Let k(q) = -q - 15. Let z be k(12). What is the units digit of 6/27 - 48/z?
2
Let s be -2 + (1 - -3) - 9. What is the tens digit of 6/21 - 96/s?
1
Let n(w) = -7*w**2 - 5*w + 4. Let z be n(3). Let c = -104 - z. What is the units digit of 3/(-6) + c/(-4)?
7
Let u(l) = -l**3 + 13*l**2 + l - 8. Let x be u(13). What is the tens digit of (-3)/x + 253/5?
5
Let u be (-4)/(-10) + 44/(-10). Let c = u - -7. What is the units digit of c?
3
Let q(h) = 3*h**2 - 4*h + 5. What is the units digit of q(2)?
9
Let z = 171 - -48. What is the hundreds digit of z?
2
Suppose 5*w - w - 402 = 2*l, -282 = -3*w - 5*l. What is the tens digit of w?
9
Suppose -3*t - 2*t + 19 = u, 5*u + t + 1 = 0. Let v = 4 + u. Suppose 0 = 2*l, v*l - 15 = -3*o - l. What is the units digit of o?
5
Let n(w) = w**2 + 7*w - 7. What is the tens digit of n(-10)?
2
Let u(k) = 5*k**2 - 6*k - 4. What is the tens digit of u(5)?
9
Let v(c) = c + 34. What is the units digit of v(0)?
4
Let l = -141 - -302. What is the tens digit of l?
6
Let h(w) = -9*w + 23. Let b be h(7). Let c = -18 - b. What is the units digit of c?
2
Suppose 4*q = l - 18, 0*q + 22 = 3*l + 4*q. Suppose -b - 1 = -l. What is the units digit of b?
9
Let b(l) = -l**2 - 7*l. Let x be b(-5). Let d = x + -6. What is the units digit of d?
4
Let b(v) = v**2 + v. Let g(h) = 5*h**2 - 8*h - 14. Let p(m) = 4*b(m) - g(m). What is the units digit of p(12)?
4
Suppose -7*i + 13*